 - 3 - (1 + 4 + -8)
-2
What is -2 + -1 + -11 + 16 + -9?
-7
What is the value of 3 + 6 + -4 + -2?
3
What is the value of -2 - -3 - (9 + -11)?
3
Calculate -2 - 4 - -2 - -6.
2
Evaluate -9 + 8 + -8 + 8.
-1
Evaluate -1 + 15 + -7 + -17.
-10
What is the value of -2 + 8 + -4 + -12 + 9?
-1
(-1 - -11) + 10 + (20 - 32)
8
What is the value of 5 + -2 + 0 - -4?
7
What is -4 - (0 - (5 - 1))?
0
What is 1 + (-2 - -3) + (2 - 6)?
-2
What is the value of 9 - (-4 - (0 - 3 - 4))?
6
What is (5 + -5 - 0) + 3?
3
What is the value of 9 - -2 - 10 - -2?
3
What is -1 + 13 + -14 + (0 - -7)?
5
What is 1 + (10 - 13) + (1 - 0)?
-1
-2 + 5 - (-3 - -2 - -6)
-2
10 + 0 + -1 + -14
-5
Evaluate -13 + 26 + 4 + -12.
5
What is the value of (-8 + 7 - (0 - -3)) + 2?
-2
What is the value of -5 - (-7 + -3) - (2 + 2)?
1
Calculate 6 + -5 + -6 - -7.
2
What is 9 - 7 - (-2 + 4)?
0
Calculate 1 + (4 + -9 - -10).
6
0 - (-1 + 1) - (178 - 183)
5
(-3 + 7 - -1) + (-2 - -2)
5
-1 + 3 - (-14 - -21)
-5
131 + -120 - (6 - (1 - 0))
6
What is the value of -7 - (6 - 8) - (3 - 3)?
-5
-3 + (0 + 6 - -1)
4
What is -3 + -2 + (1 - -4)?
0
What is 0 + (1 - (4 - 1)) + 2?
0
(-2 - -3) + 1 + -8 + 12
6
Evaluate 5 + -8 + -6 + (2 - 1).
-8
Calculate 0 + -3 + (1 - -2) - -5.
5
What is the value of 2 - ((-2 - 1) + 7 + -2)?
0
What is -4 + (16 - (5 - -4))?
3
What is 1 - 14 - -8 - -6?
1
Evaluate -2 - 1 - (2 + -1).
-4
What is 7 + 1 - (18 - 9)?
-1
Calculate (2 - (4 - 2)) + 2 + 0.
2
What is 3 - (-3 - (-8 - -2))?
0
What is -4 + 1 + 1 - -1?
-1
Calculate (0 - 2) + 7 + 0 + -1.
4
What is the value of -5 + 7 + -10 + 1 + 3?
-4
What is -1 - (0 + 1) - 2?
-4
What is the value of 0 + (-4 - -15 - 5) + 0?
6
(-186 - -190) + (0 - -5)
9
Calculate (1 - (3 - 0)) + -3 + 0.
-5
2 - (2 + 1) - (49 - 53)
3
-7 - (1 + -3 + (-4 - 8))
7
Evaluate (10 - 4) + 1 + (-5 - -2).
4
What is the value of -4 + (5 - (8 - (2 - 2)))?
-7
Calculate -1 + (10 - 11) - (0 + 1).
-3
Calculate (-2 - -4) + -1 + 0.
1
What is (4 - 2) + (10 + -29 - -14)?
-3
Evaluate (2 - -5) + (-5 - -3).
5
(-8 - -1) + -3 + 6
-4
Evaluate -2 + (-2 - -4) + 1.
1
3 + 0 - (-14 + 19)
-2
What is the value of 5 - -2 - (4 + -9 + 5)?
7
-20 + (17 - 4) - (0 + -2)
-5
What is the value of (0 - 11) + 7 + 1?
-3
Evaluate (2 - -6 - 1) + 164 + -167.
4
Evaluate (6 - 14) + -7 + 23 + -5.
3
Evaluate 3 - 2 - 0 - -3.
4
Calculate -1 + 4 + (-9 - -10).
4
What is the value of (-1 - (-2 - -2)) + -3?
-4
Evaluate (-8 - -16 - 0) + -4 + -9.
-5
(4 - 4) + 5 + -9 + 4
0
(-2 - -3) + 4 - 5
0
(-51 - -51) + -1 + 0
-1
Evaluate (-20 - -19) + (3 - 3).
-1
-6 + (4 - 2) + 0
-4
Evaluate -2 + 16 + -3 - 17.
-6
Calculate (14 - 20) + (4 - 0 - 3).
-5
(2 - 6 - -7) + -11 + 7
-1
Evaluate 6 - (-5 + (-3 - -9)).
5
What is 7 + (-12 + 9 - 9)?
-5
Calculate -1 + 3 - (-3 - -5).
0
What is the value of (-2 - -1) + 12 + -7?
4
-13 + 3 + 2 - -4
-4
What is the value of 6 + -10 + 5 + -1?
0
Evaluate (4 - -15) + -15 + -5 + 1.
0
What is the value of -1 - (1 + -1 - 2)?
1
Evaluate 2 - 8 - (-4 + 1 + 0).
-3
Calculate -4 + (2 - -1) + 7 + -1.
5
(1 - 0) + (-31 - -26)
-4
What is 40 + -40 + (-5 - 0) - -7?
2
What is -3 + 3 + -2 + -1?
-3
Calculate -1 + (-2 - 4) - (-6 + 4).
-5
What is (5 - 8) + 2 + 0?
-1
Calculate -11 - (10 + -20 + 7).
-8
What is -3 + -5 - (-37 - -29)?
0
Calculate (38 - 37) + -1 + -1 + -1.
-2
What is -5 - (-10 - -3) - (0 + 7)?
-5
0 + (3 - (-4 - -9))
-2
What is the value of 2 - 1 - (3 - 7)?
5
Evaluate (-36 - -32) + (-2 - (-2 - 0)).
-4
Calculate 1 - 9 - (7 - 11).
-4
7 + -10 - (7 + -14)
4
What is the value of -2 + -1 + 2 - 0?
-1
What is -6 + -2 - -1 - (48 - 47)?
-8
What is the value of -6 + (-1 - -1) - -4?
-2
What is -10 - -1 - -6 - -5?
2
Calculate -3 - -2 - -6 - 3.
2
What is the value of -2 + (5 + 0 - 0 - 0)?
3
Evaluate -6 - (14 + -7 - 14).
1
What is -4 + 10 - (5 - (6 - 3))?
4
-6 + 1 + (0 + 1 - 0)
-4
What is (4 - -2 - 5) + -14 + 7?
-6
Evaluate -6 + -7 + (23 - (9 + -2)).
3
What is the value of 4 + -1 + (-4 - 3)?
-4
Evaluate 8 - -7 - 5 - 6.
4
What is the value of 3 - 6 - -1 - (3 + -7)?
2
Calculate -3 + (-2 - 4) + (1 - -3).
-5
What is the value of -2 + (2 - 0) - (-2 + -1)?
3
What is the value of 1 + 3 + (7 + -9 - 2)?
0
What is -13 + 16 + 4 + -11?
-4
Evaluate -13 + 6 + 1 + 3.
-3
Calculate -234 - -239 - (1 + -2 + 11).
-5
Evaluate (7 - (2 - -12)) + 2.
-5
What is (0 - 0) + (-1 - 1) - 2?
-4
Evaluate 0 + (-1 - (2 - 3)) + -1.
-1
What is -6 + (4 - 7) + 7?
-2
Evaluate -5 - (-1 + 6 + -3 + -5).
-2
Evaluate 1 + -5 + 12 + -4.
4
Calculate 9 + -6 + -8 - (-1 + -4).
0
What is 2 + 2 - (2 + (0 - 1))?
3
What is the value of -3 - 0 - (-5 - (-6 + 5))?
1
Evaluate -10 + -9 - -12 - (-1 + 2).
-8
4 + (-5 + 11 - 6)
4
What is the value of (-2 + -6 - 0) + 3 - -1?
-4
2 + -2 + 8 - (-15 + 17)
6
Calculate 4 + (3 - 6) + 0 + 3.
4
-23 - -35 - (7 - (-4 - -4))
5
1 + 0 - (-6 + 3)
4
1 + 7 + (0 - (-1 - -7))
2
Calculate -4 + (4 - (7 + -2)).
-5
Calculate -1 + (6 - 5) + -3 + -6.
-9
What is -7 + 10 + -4 - -4?
3
Evaluate -3 - (1 - (-2 + 5)) - -5.
4
What is the value of -1 + 1 - (-1 - (-5 - 2))?
-6
4 + 4 + 5 + -20
-7
What is the value of (0 - (1 + 0)) + -1?
-2
Calculate -5 + 10 + (1 - 6).
0
1 + (-2 - (-3 - 0)) + -6
-4
Calculate 1 - (7 + -11 + 2).
3
What is (4 - (-2 - -14)) + 11?
3
Calculate 6 - (9 - -1) - -5.
1
What is (-2 - (-1 - 3 - 0)) + 3?
5
What is the value of 1 + -2 - (0 - 0)?
-1
What is -5 + 13 + -7 + -2 + 4?
3
(-6 - -5) + 1 + -2 + -3
-5
Evaluate 5 + -5 - 5 - -10.
5
What is -2 + -1 - (6 + -10)?
1
Calculate -9 + 14 - (1 - -3).
1
What is the value of 9 + (-1 - -3) + (-8 - -1)?
4
Calculate 2 - (1 + (-1 - -1 - -5)).
-4
What is the value of -3 + (2 - (6 + 0 - 5))?
-2
What is 7 - (1 - (0 - 0))?
6
What is the value of (-12 - -8) + -2 + 12?
6
Calculate -4 + 3 + -4 + (5 - 5).
-5
What is (3 + 1 - (-1 + 1)) + -10?
-6
Evaluate (4 + -6 - -15) + -19.
-6
Evaluate -6 - (6 + -5 + 5 + -8).
-4
What is the value of 5 + (-2 - -4) + -3 + 4?
8
Evaluate -1 + 5 + -6 + 7.
5
2 - (1 + -2 + 8)
-5
What is -13 + 17 - (7 + 1)?
-4
(-7 - -10 - -3) + -2
4
4 - (-1 + (-4 - -9 - 2))
2
What is -3 + 1 - (-13 - -9)?
2
Evaluate 2 + -10 - -5 - -6.
3
What is the value of (-3 - (13 + -17)) + -3 + 0?
-2
What is (-13 - -7) + (2 - -1 - 0)?
-3
What is -2 + (-5 - -4) - (1 - 8)?
4
-3 + -2 + (4 - 3) + 1
-3
Evaluate -8 - (-19 + (10 - 3)).
4
What is the value of -2 + -6 + 3 + 2 + 2?
-1
Evaluate 4 - (6 + 6) - -6.
-2
Calculate 3 + -4 + -2 - 2 - -11.
6
What is 6 + (2 + -5 - (8 + -6))?
1
What is the value of -80 - -71 - (-1 + -6)?
-2
Evaluate (-17 - -18) + 1 + -1.
1
Evaluate (0 - -2) + -3 + (7 - 7).
-1
What is the value of -3 + (8 - 5) + 3?
3
8 - 5 - (-3 + (1 - -2))
3
Evaluate 7 - (0 - (-7 - -3)).
3
What is 3 - (6 + 3 + -11) - 5?
0
Evaluate -2 + 11 - (-14 - -20).
3
Calculate -9 + 24 + -15 + 2.
2
Calculate 9 + -12 + -5 + 6.
-2
What is (-7 - (7 - 11) - 1) + 0?
-4
Calculate -1 - (0 - (2 + 0)).
1
What is 1 + (1 - -1) + -5 - -5?
3
What is the value of 0 + -3 + 7 - (2 + 4)?
-2
(5 - 8) + -8 + 18
7
(7 - 9) + (3 - -4)
5
What is the value of -7 + (3 - 8) + (0 - -4)?
-8
(4 - 5 - -6) + -1 + -6
-2
-1 - (-4 + -1 + (3 - 3))
4
Evaluate 2 - 1 - -3 - 9 - -1.
-4
Calculate (1 - (7 + 3 + -6)) + -3.
-6
What is the value of 25 + -19 + (0 - (-1 + 1))?
6
What is the value of 15 - 12 - (-2 - -5)?
0
Calculate 0 - (4 + -2) - -2.
0
-2 + -2 + 3 + -11 + 7
-5
Evaluate -7 + 7 + (5 - 0).
5
What is (6 - (4 + -1)) + -3 + 0?
0
Calculate 307 - 293 - (0 - (-5 + 1)).
10
What is -1 - 2 - (6 - 3 - 5)?
-1
-4 + (13 - 24) + 9
-6
What is the value of 8 - ((3 - (4 + -3)) + 2)?
4
-7 - ((9 - 6) + -5)
-5
Evaluate -83 + 81 - (1 - (1 - 2)).
-4
Evaluate -1 - -2 - (27 - 26).
0
Evaluate 1 + 1 + (-6 - 11 - -12).
-3
-1 - 0 - (2 + -4 - 2)
3
Evaluate 6 - (-4 - (-10 + 5)).
5
Calculate 12 + (-26 - -15) + -4.
-3
Calculate (10 - 3 - 11) + 2 + -2.
-4
Evaluate -1 + -7 - (-3 + 0).
-5
What is the value of -4 + 6 + -10 - -4?
-4
What is the value of -6 - -1 - (-66 + 67)?
-6
(-14 - (-4 - 2)) + 7
-1
Evaluate 5 + -6 + 5 - 9.
-5
(-12 - 0) + 18 - 4
2
What is the value of -4 - (-2 + (-10 - (1 + -6)))?
3
-2 + 5 + -1 + -1
1
Evaluate 0 + 5 + (-2 - 0).
3
Evaluate (-25 - -17) + (-2 - -9).
-1
What is the value of -12 - (5 - (4 + 9))?
-4
What is the value of -1 + -11 + 17 + -10?
-5
What is (6 - (-3 + 5)) + 2 - 10?
-4
10 + -8 + -6 + 7
3
What is 11 + -9 + 7 - 6?
3
Calculate -7 + 0 + 3 - 1.
-5
-4 + (5 + -4 - (0 - 0))
-3
What is 7 + (7 + -13 - 1)?
0
4 + 1 -